17 + (-3 - -7) + -3.
-2
Calculate -15 + (-3 - -4) + (-3 - -9).
-8
What is the value of (7 - (9 - 4)) + (0 - 7)?
-5
Calculate -5 + 1 + -3 + 2.
-5
What is the value of -5 + 14 - (15 + -5)?
-1
(4 - -1) + -10 - -1
-4
What is -1 - (1 + 0 + 0)?
-2
5 + (6 - (2 - -1) - 5)
3
Calculate 4 + (3 - -1) + -3.
5
Calculate -4 + 12 + -5 + -3.
0
Calculate -5 - (3 + 0 + -9).
1
What is the value of 2 - 3 - (18 + -24)?
5
Evaluate 17 - 24 - (-9 + -2).
4
What is -1 - -6 - (1 + -1 + 11)?
-6
-9 + 11 + 0 + -2
0
Calculate -2 + 7 - 6 - (0 + -2).
1
42 + -45 - (-9 + (-2 - -2))
6
Evaluate (3 + 1 - (8 + -5)) + 4.
5
What is 8 - (20 - 9) - -6?
3
Evaluate 9 - 9 - (2 + 1 + -1).
-2
Evaluate 1 + -12 - -7 - 5.
-9
Calculate (-7 - -3) + (2 - 4).
-6
What is 5 + -5 + 4 + -8 + -1?
-5
What is 9 - (1 + 8 + 2)?
-2
What is the value of 4 + -8 + 2 - -1?
-1
2 + 6 - (-8 + (24 - 16))
8
What is (-43 - -41) + (-1 - 5) - -6?
-2
(1 - 1) + 12 + -15 + -1
-4
What is -3 + 0 + (4 - -3 - 4)?
0
Calculate -6 - (-8 + -1 + -5).
8
What is -2 - (-2 - (-2 - 0))?
-2
Calculate 4 + 1 - (-20 + 23).
2
Evaluate -4 + (3 - 3) - -1.
-3
Evaluate 7 - ((5 - (-2 + 1)) + -2).
3
Calculate (0 - (-2 + 3)) + -8 + 5.
-4
(1 - -1 - -3) + (5 - 10)
0
What is the value of -2 + -2 + 0 + 1?
-3
Evaluate 3 + -15 + 6 - (1 + -8).
1
-4 + 2 - (-1 + 3 + 2)
-6
3 - ((1 - 2) + 4)
0
What is (0 - -1) + -4 - (50 - 48)?
-5
Evaluate 16 - (-12 + 22) - -4.
10
What is the value of -3 - -3 - (6 - 2) - -2?
-2
Evaluate 7 + (-17 - -5) + (2 - -8).
5
Evaluate -3 + 7 + (-4 - (0 + -2)).
2
What is 4 + 2 - (-2 + 24 + -8)?
-8
What is the value of -1 - (1 + 1 + (2 - 5))?
0
Calculate 0 + 6 + 2 - 12.
-4
What is 5 + 4 - (1 + 3)?
5
What is -2 - (1 - 5) - (2 + -3)?
3
Evaluate (3 - 6) + 3 + 7 + -10.
-3
What is the value of 0 - (7 + -10 - 5)?
8
What is 9 + 1 - (-31 + 38)?
3
Calculate 2 + 5 + -11 + 3.
-1
Calculate 2 + (-1 - (1 + -1)) - 5.
-4
What is (2 - (5 - -1)) + -1?
-5
Calculate -5 - (3 + (2 - 7) + 0).
-3
What is the value of (-1 - -4) + (15 - (-12 - -22))?
8
Calculate 3 + -1 + 1 + (28 - 31).
0
-9 + (24 - 5 - 5)
5
0 + (-1 - 9 - -15)
5
What is -7 - (-2 - (2 + -1) - 0)?
-4
What is the value of (-13 - -16) + 0 + -1 - 7?
-5
What is the value of 1 + 0 - (-44 + 37)?
8
0 - (-7 + (0 - -6))
1
Evaluate (-1 + 1 - 4) + 0 - -8.
4
Evaluate (4 - 3) + (-7 - -2).
-4
Evaluate -2 - (-8 + -5 + 5 + 4).
2
Evaluate 4 + (0 - 1) - (12 + -5).
-4
What is 15 + -15 + 1 - (-7 - 0)?
8
Evaluate -6 + 1 - (-1 - 7).
3
Evaluate -102 + 97 + -2 + -1 + 1.
-7
What is the value of 2 + 0 + (21 - 23)?
0
Calculate 22 - (13 - 6 - -5).
10
Evaluate -2 + (0 - -3) + (-6 - -1).
-4
What is 0 - 4 - (4 + -1) - 2?
-9
Calculate 10 - 0 - 10 - (2 + -1).
-1
What is 3 + (-24 - -19) + 3 + 0?
1
1 + -2 + 0 + (-3 - -1)
-3
What is the value of 0 - (-3 + -13 + 11)?
5
What is -14 + (1 - (-1 + -6 + 2))?
-8
What is (3 - 9 - -2) + 1 + 0?
-3
Evaluate -15 + -4 + 5 - (16 - 21).
-9
Evaluate (-4 - -1) + (13 - (3 - -2)).
5
Evaluate (-1 - 0) + -1 + -3.
-5
What is 4 + (0 - -2) + (-9 - -1)?
-2
Calculate -3 - (-5 + (11 - 1)) - -5.
-3
Calculate -1 + 1 - 0 - 6.
-6
-2 - (2 - (-3 + 9))
2
Calculate -4 + (6 - 4) + -2 - 1.
-5
Evaluate 11 - 13 - (-5 + (-3 - 2)).
8
Evaluate 2 - (2 + 1) - (2 + 0).
-3
Calculate -2 + 5 + -7 + 6.
2
What is (-1 + 8 - (2 - 2)) + -14?
-7
What is 4 - -1 - 2 - (-3 - -1)?
5
What is the value of -4 + (-12 - -11) - (-2 - -5)?
-8
Evaluate 2 - (-5 + 3 + 4).
0
What is the value of 0 + 3 - (6 + (-5 - 5))?
7
0 - ((-3 - 0) + (-7 - -17))
-7
Calculate (3 - 1) + (-4 - -7).
5
What is the value of -6 + 5 + -7 + 2 - -3?
-3
Calculate -3 + 4 - -2 - -1.
4
What is -2 + 9 + -5 + -6 + 6?
2
Calculate 38 + -31 - (-1 + 6).
2
What is 2 - 1 - (-11 + 12)?
0
What is 0 - -3 - ((-7 - 3) + 9)?
4
Calculate -12 + 21 + (-2 - 2).
5
Calculate 2 + -1 - (-6 - -5).
2
What is the value of (-3 - -10) + -7 - 4?
-4
What is (2 - (-4 - -1)) + -5?
0
Evaluate -4 - (-2 + 4 + -5).
-1
What is the value of ((2 - 2) + -4 - -5) + 0?
1
Evaluate (-21 - -11 - -20) + -20.
-10
What is -1 - (-2 + (3 - 2) + -3)?
3
Calculate -7 + (-12 + 10 - -2).
-7
Evaluate -24 + 6 - (7 - 16).
-9
Evaluate 4 - (3 - (-4 - -3)) - 3.
-3
Evaluate -6 - -3 - (-1 - (-3 - -2)).
-3
Evaluate (-12 - -12) + (1 - 2).
-1
What is the value of 2 + 0 + 1 + -9?
-6
What is 5 - 9 - (-1 + -2)?
-1
Evaluate -5 - (-1 - (1 + 2)).
-1
What is the value of (-26 - -36 - (-5 - 0)) + -8?
7
What is (3 - 3) + -4 + -1 + 1?
-4
Evaluate 7 + -16 + 8 + 2.
1
Calculate (1 - (-6 - 1)) + (100 - 105).
3
(9 - 10) + -1 + 7
5
-1 + 2 + -4 + (9 - 3)
3
What is the value of 9 + (-2 - -2 - 2) - 3?
4
(-21 - -33) + (1 + -1 - 3)
9
9 - (16 - 11) - (8 - -1)
-5
What is 1 - ((-29 - -36) + (0 - -2))?
-8
What is (1 - 7) + (11 - 5)?
0
Evaluate 5 + (6 - 16) + 5.
0
Calculate 13 - (23 + -10 - -7).
-7
Calculate -6 + (-3 + 9 - 2) + 5.
3
Calculate -3 - (-1 - (-1 + 5)).
2
2 + -2 + 1 + 6 - 2
5
What is the value of -72 + 65 + (10 - (2 - -1))?
0
-2 + (6 + -5 - 5) + 13
7
Evaluate -9 - (7 + 2 + -12).
-6
What is 4 + 2 + -2 + -5?
-1
What is the value of 17 + -9 - (-4 - -11)?
1
What is 0 + 2 + 6 - (-3 - -7)?
4
What is the value of -13 + 11 + 11 + -10?
-1
Calculate 3 + (-2 - -6 - (0 + 2)).
5
Calculate -8 - 0 - (-14 - -11).
-5
What is 10 + -13 - 8 - -13?
2
Calculate (1 - 0) + 3 + -4 + 3.
3
Evaluate (-6 - -3 - -3) + -2 + -5.
-7
Calculate 3 + -5 - (1 - (8 - 0)).
5
Evaluate 0 + 3 - 10 - -2.
-5
Calculate 3 - 3 - ((-3 - -6) + -3).
0
What is the value of 9 - 3 - -6 - 6?
6
What is the value of -1 + (7 - 15) + -3 + 5?
-7
What is (1 - 3) + 1 + -3?
-4
Evaluate 7 + 1 + 1 + 5 + -8.
6
What is the value of -4 + (5 - (5 + -9))?
5
1 + -6 + (74 - 78) + 10
1
Evaluate 1 - -1 - (9 + (-1 - 4)).
-2
What is -6 - (-7 + (7 - (13 - 5)))?
2
Evaluate -7 + 6 - -2 - (1 - -4).
-4
Evaluate -1 + -4 + (-1 - (-6 - -6)).
-6
-8 - (-3 + -1) - (3 + -5)
-2
Evaluate 4 + -15 - -5 - -3.
-3
Evaluate 0 + 0 + 28 + -23.
5
1 + -10 - (12 + -25)
4
Evaluate -17 + 10 + -4 - -7.
-4
Calculate 3 - (5 - (5 + -1)).
2
Calculate -3 + 9 + -8 + 9.
7
Evaluate 0 + (-3 - -1) - 0.
-2
What is -2 + -2 + 8 + -3?
1
Evaluate 9 - 2 - ((3 - 0) + -1).
5
What is -3 + -3 + 1 - (2 - 4)?
-3
What is 0 + 2 + (4 - (-5 + 13))?
-2
What is the value of 3 + (-2 - (3 + 0 + -6))?
4
Calculate -1 - (2 - (7 + -7)).
-3
Calculate 1 + -3 - (-12 + (4 - 1)).
7
What is (-7 + 4 - 1) + 9?
5
Evaluate -11 + 8 - (1 + -9).
5
Calculate ((-8 - 0) + 17 - 8) + -5.
-4
Evaluate (52 - 49) + -4 + 11.
10
Evaluate (-5 + -3 - -4) + 3 + -3.
-4
Calculate 8 + -3 - (4 - 2).
3
Calculate 0 + (-5 - (4 - 4) - -2).
-3
What is 6 + -15 + 12 - (-4 - 1)?
8
Evaluate (6 - 3 - 4) + -2.
-3
-6 + 4 + -6 - (4 - 8)
-4
What is -4 - (0 - 6 - (-7 - -10))?
5
What is -4 + (6 - 3) - -5?
4
What is 3 - (10 - 4 - (3 + 0))?
0
-3 + (-13 + 12 - (-3 - -1))
-2
33 + -32 - (-2 + (-4 - -1))
6
Calculate -2 + -12 + 14 + -2 + 1.
-1
Evaluate (-13 - -1) + (2 - -1) + 2.
-7
What is 3 - 0 - (2 - -3 - 4)?
2
Evaluate -4 - -2 - (-21 - -15).
4
What is (10 - -1) + 44 + -50?
5
Evaluate 5 + -1 + 0 - 6.
-2
-1 + 1 + 2 - (-58 - -57)
3
(21 - 17) + 0 + -12
-8
Evaluate -1 - 4 - -1 - -7.
3
What is (1 - -1) + -32 + 36?
6
Calculate -4 + (0 - -5) + -6.
-5
Calculate 7 + -5 - 4 - 2.
-4
What is the value of -10 + 9 + 3 + -1?
1
What is the value of (1 - 2) + -4 + -20 + 30?
5
Calculate (27 - 30) + -2 + 1 + -1.
-5
What is the value of 0 - (-1 - (-7 + 4))?
-2
-4 + 0 + 3 - (-1 + 0)
0
What is -2 + 6 + (-6 - -5) + -3?
0
Calculate -7 + (-5 - -7) - (-6 - -4).
-3
What is the value of -6 - -9 - -2 - 7?
-2
(5 - 6) + -2 + -3 + 1
-5
-7 + -18 + 14 + 6
-5
Evaluate 2 + (-3 - (-5 + 3) - -1).
2
What is (3 - (-2 - -4)) + (3 - 1)?
3
Calculate -3 - ((4 - 4 - -4) + -3).
-4
What is the value of -4 + (-3 - -9) + -3 + 1?
0
Evaluate 0 - (-3 - -5) - -10 - 7.
1
(4 - 6) + 0 - (13 - 15)
0
Evaluate 0 + (-1 - 3 - -2) + 4.
2
What is the value of 11 - ((2 - -3) + 2)?
4
Calculate 7 + (1 + 2 - 1) - 4.
5
Calculate 12 + (-3 - 3) + -11.
-5
What is -11 + 15 + -7 + 7?
4
-6 - ((4 - 8) + -2 - 4)
4
Calculate -28 + 13 + 16 + (0 - 0).
1
Calculate (4 - -4) + -8 + (0 - 5).
-5
4 + (0 + -1 - 3)
0
What is (-1 + 3 - -4) + (2 - 1)?
7
(-11 - -3) + 16 + -7
1
Calculate 19 - (8 + 5) - 0.
6
9 + -7 - (1 - 2)
3
Calculate 5 + 7 + (-21 - -5).
-4
What is the value of 4 + (-2 - -1) + -3?
0
Evaluate (-11 - (7 + -27)) + -6.
3
What is 2 + (1 + -5 - (0 + 1))?
-3
Evaluate 4 + (2 - 7) + (-1 - 2).
-4
What is 1 - 2 - (-28 - -3